{"id":54,"date":"2011-12-23T16:01:50","date_gmt":"2011-12-23T16:01:50","guid":{"rendered":"https:\/\/www.bvmainz.de\/content\/?page_id=54"},"modified":"2020-10-30T10:44:26","modified_gmt":"2020-10-30T10:44:26","slug":"wir-uber-uns","status":"publish","type":"page","link":"https:\/\/www.bvmainz.de\/content\/?page_id=54","title":{"rendered":"Wir \u00fcber uns"},"content":{"rendered":"<p>Wir sind ein bunt gemischter Verein, der sich aus Freizeitspielern und Sportbowlern<br \/>\nzusammensetzt. Jung und Alt versuchen regelm\u00e4\u00dfig\u00a0<!--more--><span style=\"color: #333333; font-style: normal; line-height: 24px;\">mit Training und Flei\u00df\u00a0<\/span>ihr Spiel zu verbessern. Die Erfolge die unsere Mitglieder erringen konnten, sprechen f\u00fcr sich. Sei es bei den j\u00e4hrlichen Meisterschaften und\/oder den verschiedenen Ligen. Das Bowling ein Sport f\u00fcr das ganze\u00a0Jahr und f\u00fcr die ganze Familie sein kann und eine ganze Menge zu bieten hat, k\u00f6nnt ihr auch selbst feststellen. Kommt doch einfach mal zum Training und \u00fcberzeugt euch, uns hat das Bowlingfieber auch gepackt&#8230;..<\/p>\n<p><strong>Die Geschichte der Bowling Vereinigung Mainz<\/strong><img loading=\"lazy\" decoding=\"async\" class=\"alignnone size-full wp-image-1314\" style=\"color: #333333; font-style: normal; line-height: 24px; border-style: initial; border-color: initial;\" title=\"a_bksuquh6qrcviotbfhmes1y3y6suj\" src=\"https:\/\/www.bvmainz.de\/content\/wp-content\/uploads\/2011\/12\/a_bksuquh6qrcviotbfhmes1y3y6suj1.jpg\" alt=\"\" width=\"113\" height=\"123\" \/><!--more--><\/p>\n<p>Im Jahr 1990 haben sich die Mainzer Bowling Spielerinnen und Spieler von der Mainzer Keglervereinigung getrennt und die Bowling &#8211; Vereinigung Mainz e.V. gegr\u00fcndet.\u00a0 Ziel war es damals wie heute den Bowlingsport als eigenst\u00e4ndige Sportart zu sehen und entsprechend zu f\u00f6rdern, die Jugendf\u00f6rderung steht heute wie damals besonders im Vordergrund.\u00a0 Zur Zeit hat der Verein ca. 100 Mitglieder davon ca. 20 Damen und 80 Herren. Diese teilen sich wiederum in Jugendliche, Junioren, Erwachsene und Senioren auf. Das Bowling ein Sport f\u00fcr alle Altersklassen ist sieht man daran, da\u00df unser \u00e4ltestes Mitglied mit 80 Jahren und unser j\u00fcngstes Mitglied mit 7 Jahren aktiv Spa\u00df am Spiel haben. Besonders stolz sind wir auf unser Ehrenmitglied, William E. Lyons oder besser bekannt unter seinem Spitznamen Pee Wee. \u00a0Die Vereinsstruktur besteht zur Zeit aus \u00a08 Abteilungen davon sechs Clubabteilungen, einer Jugendabteilung und einer Abteilung der Einzelmitglieder.\u00a0 Unsere Mitglieder nehmen sehr erfolgreich am Spielbetrieb der DBU, DBV und dem Landesfachverband Rheinland-Pfalz teil. Seit 2011 ist Mainz mit einer Damenmannschaft in der 2. Bundesliga der DBU vertreten, weitere Mannschaften spielen in der Landesoberliga, der Landesliga und Bezirksliga des Landesfachverbandes Rheinland Pfalz. Ein gro\u00dfer Teil unserer Mitglieder nimmt\u00a0auch\u00a0am Spielbetrieb des DBV\u00a0Breitensportverbandes wie der DBV S\u00fcdwest Liga und der Mainzer Hausliga teil. Besonders stolz sind wir auf die vielen Erfolge unserer Mitglieder, die sie bei den verschiedensten Wettk\u00e4mpfen errungen haben, hierzu z\u00e4hlen zahlreiche Deutsche Meistertitel, Landesmeistertitel, Turniergewinne und und und.<\/p>\n","protected":false},"excerpt":{"rendered":"<p>Wir sind ein bunt gemischter Verein, der sich aus Freizeitspielern und Sportbowlern zusammensetzt. Jung und Alt versuchen regelm\u00e4\u00dfig\u00a0<\/p>\n","protected":false},"author":1,"featured_media":0,"parent":27,"menu_order":2,"comment_status":"closed","ping_status":"closed","template":"sidebar-page.php","meta":{"footnotes":""},"class_list":["post-54","page","type-page","status-publish","hentry"],"_links":{"self":[{"href":"https:\/\/www.bvmainz.de\/content\/index.php?rest_route=\/wp\/v2\/pages\/54","targetHints":{"allow":["GET"]}}],"collection":[{"href":"https:\/\/www.bvmainz.de\/content\/index.php?rest_route=\/wp\/v2\/pages"}],"about":[{"href":"https:\/\/www.bvmainz.de\/content\/index.php?rest_route=\/wp\/v2\/types\/page"}],"author":[{"embeddable":true,"href":"https:\/\/www.bvmainz.de\/content\/index.php?rest_route=\/wp\/v2\/users\/1"}],"replies":[{"embeddable":true,"href":"https:\/\/www.bvmainz.de\/content\/index.php?rest_route=%2Fwp%2Fv2%2Fcomments&post=54"}],"version-history":[{"count":14,"href":"https:\/\/www.bvmainz.de\/content\/index.php?rest_route=\/wp\/v2\/pages\/54\/revisions"}],"predecessor-version":[{"id":5506,"href":"https:\/\/www.bvmainz.de\/content\/index.php?rest_route=\/wp\/v2\/pages\/54\/revisions\/5506"}],"up":[{"embeddable":true,"href":"https:\/\/www.bvmainz.de\/content\/index.php?rest_route=\/wp\/v2\/pages\/27"}],"wp:attachment":[{"href":"https:\/\/www.bvmainz.de\/content\/index.php?rest_route=%2Fwp%2Fv2%2Fmedia&parent=54"}],"curies":[{"name":"wp","href":"https:\/\/api.w.org\/{rel}","templated":true}]}}