{"id":332,"date":"2011-12-26T17:24:50","date_gmt":"2011-12-26T17:24:50","guid":{"rendered":"https:\/\/www.bvmainz.de\/content\/?page_id=332"},"modified":"2015-01-31T21:40:11","modified_gmt":"2015-01-31T21:40:11","slug":"team-93","status":"publish","type":"page","link":"https:\/\/www.bvmainz.de\/content\/?page_id=332","title":{"rendered":"Team 93"},"content":{"rendered":"<p><img loading=\"lazy\" decoding=\"async\" id=\"Bild4046\" style=\"color: #000000; font-style: normal; line-height: 24px; border-style: initial; border-color: initial; text-align: -webkit-left; border-image: initial; border-width: 0px;\" title=\"bksuquh6qrcviotbfhmes1y3y6suj\" src=\"https:\/\/www.bvmainz.de\/assets\/images\/autogen\/a_bksuquh6qrcviotbfhmes1y3y6suj.jpg\" alt=\"bksuquh6qrcviotbfhmes1y3y6suj\" width=\"113\" height=\"123\" border=\"0\" \/><img loading=\"lazy\" decoding=\"async\" id=\"Bild2402\" style=\"color: #000000; font-style: normal; border-style: initial; border-color: initial; text-align: -webkit-left; border-image: initial; border-width: 0px;\" title=\"Team_Mainz_93\" src=\"https:\/\/www.bvmainz.de\/assets\/images\/Team_Mainz_93.gif\" alt=\"Team_Mainz_93\" width=\"243\" height=\"117\" border=\"0\" \/><\/p>\n<div style=\"text-align: -webkit-left;\"><\/div>\n<p><img loading=\"lazy\" decoding=\"async\" id=\"Bild2481\" style=\"color: #000000; font-style: normal; line-height: 24px; border-style: initial; border-color: initial; text-align: -webkit-left;\" title=\"xw513aooyla3ffhur7ai0mcus8g\" src=\"https:\/\/www.bvmainz.de\/assets\/images\/xw513aooyla3ffhur7ai0mcus8g.jpg\" alt=\"xw513aooyla3ffhur7ai0mcus8g\" width=\"335\" height=\"219\" border=\"0\" \/><\/p>\n<p style=\"color: #000000; font-style: normal; line-height: 24px; text-align: -webkit-left;\"><strong>Wie der Name schon sagt, haben wir uns im Jahre 1993 gegr\u00fcndet. Manche behaupten zwar 1893 \u2013 aber das ist\u00a0<span style=\"text-decoration: underline;\">falsch<\/span>. Wir sehen nur etwas \u00e4lter aus.<\/strong><\/p>\n<p style=\"color: #000000; font-style: normal; line-height: 24px; text-align: -webkit-left;\"><strong>Was die 05-er f\u00fcr die Bundesliga sind wir im BV Mainz &#8211;<\/strong><\/p>\n<p style=\"color: #000000; font-style: normal; line-height: 24px; text-align: -webkit-left;\"><strong>das\u00a0<span style=\"text-decoration: underline;\">Spa\u00dfteam<\/span>.<\/strong><\/p>\n<p style=\"color: #000000; font-style: normal; line-height: 24px;\"><img loading=\"lazy\" decoding=\"async\" id=\"Bild2403\" style=\"color: #000000; font-style: normal; line-height: 24px; border-style: initial; border-color: initial;\" title=\"100_1736\" src=\"https:\/\/www.bvmainz.de\/assets\/images\/autogen\/a_100_1736.jpg\" alt=\"100_1736\" width=\"236\" height=\"261\" border=\"0\" \/><img loading=\"lazy\" decoding=\"async\" id=\"Bild247\" style=\"color: #000000; font-style: normal; line-height: 24px; border-style: initial; border-color: initial; border-image: initial; border-width: 0px;\" title=\"100_0808\" src=\"https:\/\/www.bvmainz.de\/assets\/images\/autogen\/a_100_0808.jpg\" alt=\"100_0808\" width=\"164\" height=\"215\" border=\"0\" \/><\/p>\n<p style=\"color: #000000; font-style: normal; line-height: 24px;\"><strong>Bronze Certified Coach Bill Goldsberry<\/strong><\/p>\n<p style=\"color: #000000; font-style: normal; line-height: 24px;\"><strong>Bei uns wird Geselligkeit gro\u00df geschrieben.<\/strong><\/p>\n<p><strong>Zur Zeit haben wir 12 Mitglieder die ausnahmslos leider alle m\u00e4nnlich sind.<\/strong><\/p>\n<p><strong>Unser Training beginnt donnerstags um 19.30 Uhr unter der Leitung unseres Bronze Certified Coach Bill Goldsberry. Meistens trainieren wir auf der Phoenix-Bowling in Mainz \u2013 aber \u00f6fters auch mal ausw\u00e4rts. G\u00e4ste sind uns herzlich willkommen.<\/strong><\/p>\n<p><img loading=\"lazy\" decoding=\"async\" id=\"Bild2469\" style=\"color: #000000; font-style: normal; line-height: 24px; border-style: initial; border-color: initial; text-align: -webkit-left;\" title=\"kh186_2\" src=\"https:\/\/www.bvmainz.de\/assets\/images\/autogen\/a_kh186_2_1.jpg\" alt=\"kh186_2\" width=\"266\" height=\"223\" border=\"0\" \/><strong style=\"color: #000000; font-style: normal; line-height: 24px; text-align: -webkit-left;\">Ballmaterial wird gespielt bis es gl\u00fcht. Hier war die Drehzahl wohl doch etwas zu hoch<\/strong><\/p>\n<p>&nbsp;<\/p>\n<p><strong>Der Ansprechpartner f\u00fcr Interessenten ist unser<br \/>\nTeamcaptain Johnny Cario<\/strong><img loading=\"lazy\" decoding=\"async\" id=\"Bild2483\" style=\"color: #000000; font-style: normal; line-height: 24px; border-style: initial; border-color: initial;\" title=\"drv7njn326\" src=\"https:\/\/www.bvmainz.de\/assets\/images\/autogen\/a_drv7njn326.jpg\" alt=\"drv7njn326\" width=\"170\" height=\"226\" border=\"0\" \/><br \/>\n<strong>\u00a0Gaustr. 7, 55116 Mainz<br \/>\n<\/strong><strong>Tel.: 0176-62007821.<\/strong><\/p>\n<p><strong><br \/>\n<\/strong><\/p>\n<p style=\"text-align: -webkit-left; color: #000000; font-style: normal; line-height: 24px;\"><img loading=\"lazy\" decoding=\"async\" id=\"Bild2473\" style=\"color: #000000; font-style: normal; line-height: 24px; border-style: initial; border-color: initial;\" title=\"100_0807\" src=\"https:\/\/www.bvmainz.de\/assets\/images\/autogen\/a_100_0807.jpg\" alt=\"100_0807\" width=\"352\" height=\"261\" border=\"0\" \/><\/p>\n<p style=\"text-align: -webkit-left; color: #000000; font-style: normal; line-height: 24px;\"><strong style=\"color: #000000; font-style: normal; line-height: 24px;\">Das Team aus der Saison 2007 \/ 2008 der 2. von rechts ist der Teamcaptain der 93er<\/strong><\/p>\n<p><img loading=\"lazy\" decoding=\"async\" id=\"Bild2477\" style=\"color: #000000; font-style: normal; line-height: 24px; border-style: initial; border-color: initial;\" title=\"n91ddlu762cyj04dzz8762uwc7l\" src=\"https:\/\/www.bvmainz.de\/assets\/images\/autogen\/a_n91ddlu762cyj04dzz8762uwc7l.jpg\" alt=\"n91ddlu762cyj04dzz8762uwc7l\" width=\"289\" height=\"175\" border=\"0\" \/><img loading=\"lazy\" decoding=\"async\" id=\"Bild2480\" style=\"color: #000000; font-style: normal; line-height: 24px; border-style: initial; border-color: initial;\" title=\"7a9xxnr9mbwsaclz7bjxnaqedjs\" src=\"https:\/\/www.bvmainz.de\/assets\/images\/autogen\/a_7a9xxnr9mbwsaclz7bjxnaqedjs.jpg\" alt=\"7a9xxnr9mbwsaclz7bjxnaqedjs\" width=\"269\" height=\"224\" border=\"0\" \/>Das Aufputschmittel \u00a0 \u00a0 \u00a0 \u00a0 \u00a0 \u00a0 \u00a0 \u00a0 \u00a0 \u00a0 \u00a0 \u00a0 \u00a0 \u00a0 \u00a0 \u00a0 \u00a0 \u00a0 \u00a0 \u00a0 \u00a0 \u00a0\u00a0<span style=\"color: #000000; font-style: normal; line-height: 17px;\">Nach erledigtem Job oder ist Bill erledigt<br \/>\nvon seiner T\u00e4tigkeit ?<\/span><\/p>\n<p style=\"text-align: -webkit-left; color: #000000; font-style: normal; line-height: 24px;\"><img loading=\"lazy\" decoding=\"async\" id=\"Bild2478\" style=\"color: #000000; font-style: normal; line-height: 24px; border-style: initial; border-color: initial;\" title=\"1o45cajppyz37zhsqipn9m7zs6k\" src=\"https:\/\/www.bvmainz.de\/assets\/images\/autogen\/a_1o45cajppyz37zhsqipn9m7zs6k.jpg\" alt=\"1o45cajppyz37zhsqipn9m7zs6k\" width=\"424\" height=\"339\" border=\"0\" \/><\/p>\n<p style=\"text-align: -webkit-left; color: #000000; font-style: normal; line-height: 24px;\"><img loading=\"lazy\" decoding=\"async\" id=\"Bild2479\" style=\"color: #000000; font-style: normal; border-style: initial; border-color: initial;\" title=\"kpys7bosen3l5l1s7cs55e579o9y9\" src=\"https:\/\/www.bvmainz.de\/assets\/images\/autogen\/a_kpys7bosen3l5l1s7cs55e579o9y9.jpg\" alt=\"kpys7bosen3l5l1s7cs55e579o9y9\" width=\"294\" height=\"201\" border=\"0\" \/><br \/>\n<strong style=\"color: #000000; font-style: normal; line-height: 24px;\">Dies war auch mal eine Team Besetzung vor geraumer Zeit<\/strong><span style=\"color: #000000; font-style: normal; line-height: 17px;\">.<\/span><\/p>\n<p style=\"text-align: -webkit-left; color: #000000; font-style: normal; line-height: 24px;\"><img loading=\"lazy\" decoding=\"async\" id=\"Bild9\" title=\"menschen-arbeit-0008\" src=\"https:\/\/www.bvmainz.de\/assets\/images\/autogen\/a_menschen-arbeit-0008.jpg\" alt=\"menschen-arbeit-0008\" width=\"326\" height=\"228\" border=\"0\" \/><strong style=\"color: #000000; font-style: normal; line-height: 24px;\">Hansi im Stress !!!!<\/strong><\/p>\n<p style=\"text-align: -webkit-left; color: #000000; font-style: normal; line-height: 24px;\"><strong style=\"color: #000000; font-style: normal; line-height: 24px;\">Wie Ihr sicher schon festgestellt habt, mu\u00df nicht immer alles \u201c tierisch Ernst\u201d genommen werden. Die gespielten Leistungen des Team 93 sprechen n\u00e4mlich auch eine deutliche Sprache<\/strong><span style=\"color: #000000; font-style: normal; line-height: 17px; font-family: Verdana, Arial, Helvetica, sans-serif; font-size: 11px;\">.\u00a0<\/span><strong style=\"color: #000000; font-style: normal; line-height: 24px;\">Meistens mit Spa\u00df.<\/strong><\/p>\n<p style=\"text-align: -webkit-left; color: #000000; font-style: normal; line-height: 24px;\"><strong><br \/>\n<\/strong><\/p>\n","protected":false},"excerpt":{"rendered":"<p>Wie der Name schon sagt, haben wir uns im Jahre 1993 gegr\u00fcndet. Manche behaupten zwar 1893 \u2013 aber das ist\u00a0falsch. Wir sehen nur etwas \u00e4lter aus. Was die 05-er f\u00fcr die Bundesliga sind wir im BV Mainz &#8211; das\u00a0Spa\u00dfteam. Bronze &hellip; <a href=\"https:\/\/www.bvmainz.de\/content\/?page_id=332\">Weiterlesen <span class=\"meta-nav\">&rarr;<\/span><\/a><\/p>\n","protected":false},"author":3,"featured_media":0,"parent":282,"menu_order":8,"comment_status":"closed","ping_status":"closed","template":"sidebar-page.php","meta":{"footnotes":""},"class_list":["post-332","page","type-page","status-publish","hentry"],"_links":{"self":[{"href":"https:\/\/www.bvmainz.de\/content\/index.php?rest_route=\/wp\/v2\/pages\/332","targetHints":{"allow":["GET"]}}],"collection":[{"href":"https:\/\/www.bvmainz.de\/content\/index.php?rest_route=\/wp\/v2\/pages"}],"about":[{"href":"https:\/\/www.bvmainz.de\/content\/index.php?rest_route=\/wp\/v2\/types\/page"}],"author":[{"embeddable":true,"href":"https:\/\/www.bvmainz.de\/content\/index.php?rest_route=\/wp\/v2\/users\/3"}],"replies":[{"embeddable":true,"href":"https:\/\/www.bvmainz.de\/content\/index.php?rest_route=%2Fwp%2Fv2%2Fcomments&post=332"}],"version-history":[{"count":8,"href":"https:\/\/www.bvmainz.de\/content\/index.php?rest_route=\/wp\/v2\/pages\/332\/revisions"}],"predecessor-version":[{"id":1262,"href":"https:\/\/www.bvmainz.de\/content\/index.php?rest_route=\/wp\/v2\/pages\/332\/revisions\/1262"}],"up":[{"embeddable":true,"href":"https:\/\/www.bvmainz.de\/content\/index.php?rest_route=\/wp\/v2\/pages\/282"}],"wp:attachment":[{"href":"https:\/\/www.bvmainz.de\/content\/index.php?rest_route=%2Fwp%2Fv2%2Fmedia&parent=332"}],"curies":[{"name":"wp","href":"https:\/\/api.w.org\/{rel}","templated":true}]}}